en j is divided by r.
74
Let z = -58 - -136. Let a = 26627 + -26241. What is the remainder when a is divided by z?
74
What is the remainder when (-8)/(-20) + 61716/185 is divided by 70?
54
Let k = 5016 - 4702. Calculate the remainder when 949 is divided by k.
7
Suppose 0*o - 240 = -6*o. Let z = o + 39. Suppose j = -v + 19, -4*v - v - j = -z. Calculate the remainder when 66 is divided by v.
6
Suppose -2*x - 3*v - 72 = -284, -2*v + 313 = 3*x. What is the remainder when 188 is divided by x?
85
Calculate the remainder when 286 is divided by (24 - 13020/20)*2/(-6).
77
Let v = -74 + 104. Suppose -10*x + v = -2780. Calculate the remainder when x is divided by 73.
62
Let c = -22 - -34. Let h = c + 8. What is the remainder when 108 is divided by (-5)/h + 267/12?
20
Let a = 3810 + -3659. Calculate the remainder when a is divided by 17.
15
Suppose -3*c - 2*y - 13 = -333, c - 120 = -4*y. Calculate the remainder when 193 is divided by c.
89
Let i(r) = 606*r + 18 - 22 - 31*r. What is the remainder when i(1) is divided by 44?
43
Let r = 28 - 11. Let i be -55*5/(-10) - (-9)/(-6). Suppose i*a - 1110 = 11*a. Calculate the remainder when a is divided by r.
6
Let n be 13 - (2 - 0) - (-5)/(-1). Let z = -149 + 223. Calculate the remainder when z is divided by (2 + -4)*(n + (-162)/12).
14
Let h be ((-5)/(-15))/(1/(-30)). Let t(d) = -d**3 - 11*d**2 - 17*d - 24. What is the remainder when 108 is divided by t(h)?
16
Let u = -31192 - -31219. Calculate the remainder when u is divided by (-12)/(-3) + 2 + 0.
3
Let v = -480 - -752. Suppose 19*s - v = 11*s. Calculate the remainder when s is divided by 16.
2
Let i = -5740 + 5780. What is the remainder when 637 is divided by i?
37
Let q = -12796 - -12870. What is the remainder when q is divided by 2?
0
Let q(j) = 5*j**2 - 2*j - 8. What is the remainder when q(4) is divided by ((-35)/7 - -1)/(34/(-153))?
10
Let t be (1/(-4))/(8/64). Calculate the remainder when (78/(-18))/(2/(-6)) is divided by 8 + (-4 + 3 - -1)/t.
5
Suppose 23432 - 3512 = -24*h + 48*h. What is the remainder when h is divided by 17?
14
Let r = 45 - 13. Let v = 3350 + -3337. What is the remainder when r is divided by v?
6
Suppose 59*k = x + 55*k - 56, -35 = 5*k. Let q(a) = a**2 + a - 5. Calculate the remainder when x is divided by q(4).
13
Let o = -7316 + 7347. What is the remainder when 244 is divided by o?
27
Suppose 0 = 14*q - 11*q - 291. Suppose 4*v - 303 = q. Calculate the remainder when 39 is divided by (-12)/42 - v/7*-1.
11
Let h be (2*-3)/((-2)/1). Suppose 506 + 358 = -18*t. What is the remainder when 37 is divided by ((-35)/28)/(h/t)?
17
What is the remainder when 322 is divided by 235 - 207 - (2*-3 - -3)?
12
Let m(p) = 66*p**2 + 18*p + 48. What is the remainder when m(-4) is divided by 39?
18
Let l(x) = 2*x**3 + 19*x**2 - 9*x - 15. Let n be l(-8). Let j = n - 244. Calculate the remainder when 72 is divided by j.
2
Let c be (0 - 1)/(4 + 100/(-24)). Let h = 5 + c. Suppose 5*l - 6*t - 200 = -t, 4*l + t - 175 = 0. Calculate the remainder when l is divided by h.
10
Let m = -57 + 85. Suppose 4*q + 165 = -5*g, 2*g + 38 + m = 5*q. Let v = g + 275. Calculate the remainder when v is divided by 49.
46
Let u = -46 - -51. Suppose 48*i - 50*i + 18 = -3*p, 5*p - 18 = -2*i. What is the remainder when i is divided by u?
4
Let x = 513 - 493. Calculate the remainder when 575 is divided by x.
15
Suppose 3*i + 36 = 279. Let x = 3323 - 3282. What is the remainder when i is divided by x?
40
Suppose -3*d = -q + 118, 7*q - 6*q = -d + 126. Calculate the remainder when q is divided by 119.
5
Suppose 157*g + 147*g = 109136. What is the remainder when g is divided by 147?
65
Let g = 19 + -23. What is the remainder when 1013 is divided by 3/3 - g - (-17 - -9)?
12
Let c(j) = -18*j + 62. Let u be c(4). Calculate the remainder when 124 is divided by 2*3/u + (-652)/(-20).
28
Let d(t) be the first derivative of -23*t**2 - 9*t + 251. Calculate the remainder when d(-3) is divided by 11.
8
Let w = -17 - -32. Let s be ((-30)/(-12))/((-25)/(-180)). Suppose s*c = 13*c + 285. What is the remainder when c is divided by w?
12
Let k be (-146)/(-8)*4 + 3. What is the remainder when 83 is divided by k*(-12)/144*(-4 + 1)?
7
Let y = 283 - 275. Let w = -28 - 24. Let l = -27 - w. What is the remainder when l is divided by y?
1
Let y be (-4)/8*(-67 + -9). Suppose -4*k - y = -126. What is the remainder when 130 is divided by k?
20
Calculate the remainder when (-888)/2072 + 9512/14 is divided by 229.
221
Suppose -357 - 7 = -7*k. Let v = k - 51. What is the remainder when v/((-1)/(-17)) - (-3 - -2) is divided by 4?
2
Suppose o - c - 395 = 0, 3*o - 1092 = -2*c + 108. What is the remainder when o is divided by 127?
17
Suppose 3*t - 5*l = 4498, 0 = -23*t + 18*t + 8*l + 7499. Calculate the remainder when t is divided by 138.
131
Let x = -20 + 35. Let a(o) = 4*o**2 + 20*o + 33. Let d(l) = -5*l**2 - 4*l + 2. Let r be d(1). What is the remainder when a(r) is divided by x?
14
Suppose -23712 + 1476 = 25*p - 42*p. What is the remainder when p is divided by 322?
20
Let i(y) = 40*y**2 + 91*y + 88. Calculate the remainder when 837 is divided by i(-1).
23
Suppose n - 33 = 5*s, -4*n + 4*s + 114 = 2*s. Calculate the remainder when (-10)/50*0 - (-76 + -3) is divided by n.
23
Suppose 0*h - 12 = -h - 2*u, 4*h - 36 = -5*u. What is the remainder when 229 is divided by (-6)/(-9)*(h + (-474)/(-12))?
26
Let k = 0 - 9. Calculate the remainder when ((-6)/k)/(2/144) is divided by (219/13 + 42/273)*1.
14
Let n(h) = 140*h - 153. Let o(d) = 16*d**2. What is the remainder when n(2) is divided by o(-2)?
63
Let d(w) = -6*w**2 - 260*w - 195. Calculate the remainder when d(-40) is divided by 10.
5
Let c(a) = -a**2 + 18*a - 1. Let b be c(14). Let v = b + -34. Suppose -v = -5*g + 4*g. What is the remainder when g is divided by 8?
5
Let w = 11952 + -11908. Suppose -m + 4*y + 22 = -6, -3*m + 77 = -5*y. What is the remainder when w is divided by m?
20
Let o be ((-4)/10)/((-6)/90). Let i be (2 - 2)*o/(-18). Suppose -5*j + 4*j + 3*d + 133 = 0, i = d. Calculate the remainder when j is divided by 17.
14
Suppose 11*a + 17 = -27. Calculate the remainder when 77 is divided by a/(-4)*4 - -30.
9
Let b(m) = 5*m**2 + 277*m - 3306. What is the remainder when b(13) is divided by 31?
24
Let l(d) be the second derivative of 4*d**3/3 - 34*d**2 - d - 9. Suppose c - 76 = -c. Calculate the remainder when c is divided by l(11).
18
Let p(r) = 20*r**3 - 7*r + 23. Calculate the remainder when 724 is divided by p(2).
48
Let h(y) = 4*y**2 - 55*y - 15. Let n(k) = k**2 - 56*k + 2. Let g(a) = h(a) - n(a). Suppose 0 = b - 4 - 0. What is the remainder when g(b) is divided by 9?
8
Suppose -3*v = 6, -5*q - 56 = -7*q + 4*v. Let j(c) = -c**3 + 22*c**2 + 49*c - 6. Calculate the remainder when 485 is divided by j(q).
17
Let a be (18/72)/((-2)/(-32)). Suppose -15*n = a*n - 171. What is the remainder when 4/(-16) + (-138)/(-8) is divided by n?
8
Let w be (4 + 0)*(1 - (-37)/4). Suppose 0 = -4*q + 12, z - 4*q - w = 36. Suppose -3*k + z = -274. What is the remainder when k is divided by 25?
21
Suppose -4*b + 16 = 0, b = 4*l - 3*b + 28. Calculate the remainder when (-5)/l - (-58)/3 is divided by 12.
9
Let d be (-2 + 2)/(-7 + 3). Calculate the remainder when (-2 - (-75 + -2)) + 3 + d is divided by 28.
22
Let f = 935 - -687. Calculate the remainder when f is divided by 181.
174
Let n = 2710 + -2687. What is the remainder when 410 is divided by n?
19
Let n = -274 + 276. Suppose 7 = n*t - 3*j, -15 = -5*t + 5*j + 5. Let w = 7 + 5. What is the remainder when w is divided by t?
2
Suppose 3*r = 2*c - 22, 0 = -37*c + 36*c + 2*r + 12. What is the remainder when 410 is divided by c?
2
Let f(v) = -50*v + 4. Let h be f(-2). Let r = 116 - h. Calculate the remainder when 19 is divided by r.
7
Suppose 4 + 12 = 4*s. Suppose 0 = -2*m - 5*g + 199, -2*g - 3*g - 323 = -s*m. Let z(k) = k**2 + 26*k - 502. Calculate the remainder when m is divided by z(-39).
2
Let q(x) = -11*x**3 - 22*x**2 + 8*x + 1. Calculate the remainder when 798 is divided by q(-4).
156
Let o = 9234 - 7983. What is the remainder when o is divided by 22?
19
Let q(z) be the second derivative of z**3/6 + 29*z**2 - 72*z. Calculate the remainder when q(-19) is divided by 3.
0
Suppose -25*f + 29*f + 260 = 0. Let m = f + 142. Suppose -m = -3